t is the tens digit of (0 - 75/s)*(-144)/(-10)?
8
Suppose -141687 = -8*s - 83*s. What is the hundreds digit of s?
5
Let i(s) = -4*s - 12. Let w be i(7). Suppose c + 2 = 50. What is the units digit of (c/(-10))/(0 - (-3)/w)?
4
Let i(m) = -31*m**3 + 16*m**2 + 8*m - 41. What is the thousands digit of i(-6)?
7
Let u be ((-833)/(-102))/49 - 13/6. Let k(b) = -315*b. What is the hundreds digit of k(u)?
6
Suppose 19*v - 2894 = -2*n + 14*v, 5*v + 2894 = 2*n. Let s = n + -527. What is the units digit of s?
0
Suppose -4*c + 3*i + 118963 = 0, 4*i + 12673 = -c + 42390. What is the tens digit of c?
3
Let q be (1 + -1)/(-2 - -4). Suppose -86*r - 30 = -92*r. Suppose q*v = r*v - 200. What is the units digit of v?
0
Suppose -4*y - 14 = -6*y. Suppose -12*l + 1720 = 5*w - y*l, -20 = 5*l. What is the units digit of w?
8
Suppose 0 = -5*c - 5*o + 25, 2*o - 11 = -5*c + 5. Suppose 31 = -c*u + 23. What is the tens digit of 39 + (u - (-12)/2)?
4
Suppose 59*p - d = 62*p - 3816, -2*p + 2522 = -3*d. What is the thousands digit of p?
1
Suppose -16320 = -19*s + 14*s + p, -3*p = -4*s + 13067. What is the tens digit of s?
6
Suppose 355793 + 470656 = 21*t + 319005. What is the thousands digit of t?
4
Let y(b) = -12*b - 59. Suppose 2*l = 3*p + 2, p = l - 2*l + 6. Suppose -p*j - 31 = f + j, 3*f + j = -61. What is the tens digit of y(f)?
6
Suppose -b = k, 4*b + 14 = 3*k - 0. Suppose -3*m - 5*p + 2*p = -1227, m - 414 = -k*p. Suppose 73 = i + 3*u, -5*i - u + m = u. What is the tens digit of i?
8
Suppose 0 = 3*d - 0*d - 9. What is the units digit of d*-4*269/(-4)?
7
Let g(l) = -l**3 - l**2 + l + 4. Let s be g(0). Suppose -3*z - 5*p = 9, 5 - 2 = -z + s*p. What is the units digit of -1*(-28)/(-12)*z?
7
Suppose -3*v - 3*o + 7593 = -54360, 41302 = 2*v - 3*o. What is the hundreds digit of v?
6
Let i = -28 + 31. Suppose i*n - 310 = 179. What is the hundreds digit of n?
1
Suppose 22*t - 21039 = -5*f + 26*t, 5*t = 4*f - 16833. Suppose 5825 = 11*z - f. What is the tens digit of z?
1
Suppose 0*o + 2*l = 4*o - 18, -l - 14 = -3*o. Suppose 1915 = 2*w + 5*v, -w + o*v + 990 = v. What is the hundreds digit of w?
9
What is the hundreds digit of -3 + (-87)/(-27) - (-54140)/180?
3
Let g(j) = 113*j - 140. Let m(c) = -c**2 - 14*c - 34. Let a be m(-10). What is the units digit of g(a)?
8
Let c(b) = b**2 - 8*b + 14. Let v be c(7). Suppose 4 = -m + v. Suppose -i + 0*s = m*s - 263, -s = -5*i + 1267. What is the hundreds digit of i?
2
Suppose -5*k - 7 - 48 = 0. Let c(i) be the second derivative of -i**4/12 - 3*i**3/2 + 15*i**2 - 3*i. What is the units digit of c(k)?
8
Let h(g) = -2102*g - 1200. What is the hundreds digit of h(-11)?
9
Suppose -3*j + j + 8 = 0, -4*c = -5*j. Suppose 5*q - z - 5570 = 2*z, 0 = -c*z. Suppose q = 5*s + 444. What is the hundreds digit of s?
1
Suppose 44*a - 1019128 = 1435852. What is the units digit of a?
5
Let h = -19 + 273. Let k = h - 72. Let s = k + -97. What is the tens digit of s?
8
Let k = 2551 - -8478. What is the hundreds digit of k?
0
Let w be (-6)/(18/(-15)) + 2458 + -3. Suppose 29*d - 25*d - w = 0. What is the tens digit of d?
1
Suppose -3*d + 6*d = -5*w - 2, 0 = -2*w + d + 8. Let p be 48/10 - w/(-10). Suppose p*n - 122 = 83. What is the tens digit of n?
4
Let v(a) = 8*a**2 + a + 6. Suppose 4*p - 31 = 9. Suppose 14 + 6 = -p*t. What is the tens digit of v(t)?
3
Suppose 61 + 84 = -5*n. Let r(i) = 2*i**2 + 32*i - 25. What is the units digit of r(n)?
9
Suppose 49*p - 106268 = 143191. What is the thousands digit of p?
5
Let b(g) = 9*g**2 + 4*g - 7. Let p be b(4). Suppose -4*f + p = -31. Let o = f + -26. What is the units digit of o?
0
Suppose 298359 = 68*g - 115489. What is the thousands digit of g?
6
Suppose -4*g - 3*t = -4 + 1, 5*t - 5 = 3*g. Suppose g = -78*b + 82*b - 36. What is the units digit of b?
9
Suppose -q = 2, -5*j + 5*q + 40 = -3*j. Suppose 3530 = 25*k - j*k. What is the units digit of k?
3
Let f(y) = 3633*y + 46. What is the units digit of f(4)?
8
Suppose 49*g + 7*g - 9*g = 24769. What is the tens digit of g?
2
Suppose 2*d + 505*u - 46798 = 501*u, 4*d + 2*u - 93590 = 0. What is the hundreds digit of d?
3
Suppose -4*h - 3414 = -a, 2*a - 6866 = 3*h - 63. What is the hundreds digit of a?
3
Suppose -1983 = -14*n - n + 24387. What is the thousands digit of n?
1
Let a be -1 - 0 - (-12 - -52). Let u = 46 + a. Suppose -8*y = -u*y - 225. What is the units digit of y?
5
Suppose -702684 = -19*n - 22*n + 334616. What is the ten thousands digit of n?
2
Suppose 3*a - 2*s - 4 = 0, -5*a + 2*s + 11 - 3 = 0. Suppose 49*b = 51*b + a. Let r(z) = -194*z + 2. What is the tens digit of r(b)?
9
What is the tens digit of (-256 + 261)*(2 - 14076/(-10))?
4
Let k = 2607 + 1567. What is the thousands digit of k?
4
What is the hundreds digit of (-176)/132 + (-15248)/(-6)?
5
Let t be ((-8)/12)/(14/(-1953)). Let o = t + 387. What is the tens digit of o?
8
Let o be (2 + -2 - 1) + 431. Suppose 56 + o = 2*v. Let p = -122 + v. What is the tens digit of p?
2
Suppose 4*o + 1394 = -2*c, -2*c - 15 = 3*c. Let r = o - -562. What is the tens digit of r?
1
Let r(j) = -j**3 - 7*j**2 + 11*j + 12. Suppose -3*a + 98 = -5*a. Let h = a - -40. What is the tens digit of r(h)?
7
Suppose -5*s - c - 760 = 1848, -4*s - 2072 = -4*c. Let h = 289 - s. What is the tens digit of h?
1
Let i(v) = 30*v**2 - 7*v - 170. What is the thousands digit of i(-28)?
3
Suppose -3*m + 7*m = 372. Let o = 55 + m. What is the tens digit of o?
4
Let l = 14091 - 2096. What is the tens digit of l?
9
Suppose 2*a + x - 10 = 0, -3*a - 3*x - 3 = -8*a. Let u(g) = g**3 + 16*g**2 + 5*g + 14. Let o be u(-14). Suppose 51 = a*m - o. What is the hundreds digit of m?
1
Let h = 505 + -216. Suppose 5*n = -4*t + 4*n + 1099, h = t + 5*n. What is the units digit of t?
4
Let k = -418 + 415. What is the tens digit of 21/63 + 2633*k/(-9)?
7
Suppose 0 = 5*b - q - 16 + 52, -4*b + 2*q - 30 = 0. Let w(d) = -85*d + 82. What is the hundreds digit of w(b)?
6
Let h be (-4)/6 - (-10)/15. Suppose 6*m + 0*m - 408 = h. What is the units digit of m?
8
Let u(f) = 60*f**2 + 10*f + 10. Let t be (3/6)/(2/(-4)). What is the tens digit of u(t)?
6
Suppose 37446 + 135958 = 44*q. What is the units digit of q?
1
Let a = 83386 - 46783. What is the hundreds digit of a?
6
Let o = -6803 + 23430. What is the units digit of o?
7
Suppose -7*c + 1338 = 2*q - 3*c, -4*c = 5*q - 3351. Let o = q + 259. What is the hundreds digit of o?
9
Let j = -219 + 126. Let w = j - -93. What is the tens digit of 111 - ((-4)/2 - w/5)?
1
Let y = -289 + 830. Suppose 3*o - y = -n + 778, -n = -5. What is the tens digit of o?
3
Suppose 46*m + 32 = 54*m. What is the tens digit of 8 - (8 - m) - -374?
7
Suppose 0 = -5*v - 322 + 42. Let o = v - -54. What is the units digit of (-3)/o + 108/8 + 5?
0
Let b(z) = -2*z - 2. Let r be b(-3). Let f be (1*(-2 - r))/(-2). Suppose -632 = -5*p + 4*m, -138 = -p - 2*m - f*m. What is the units digit of p?
8
Let y(t) = -326*t - 94. What is the thousands digit of y(-10)?
3
Suppose -44*c + 2941324 = 706989 - 175677. What is the hundreds digit of c?
7
Let k(w) = 2*w + 10. Let r be k(-5). Suppose 3*i + 3*l = -129, i + 4*i - 3*l + 207 = r. What is the units digit of 1/3 - 2716/i?
5
Let l = -18672 - -22621. What is the thousands digit of l?
3
Suppose 0 = 14*x - 35*x - 13*x + 447678. What is the ten thousands digit of x?
1
Let b be (((-120)/(-25))/(-8))/(2/10). Let r be b - ((-3)/2)/((-4)/(-8)). Suppose c + 3*f - 6*f = 98, r = -4*c - f + 379. What is the units digit of c?
5
Suppose 4*w - 9 = -r, 0 = 11*r - 14*r + w - 12. What is the hundreds digit of (2/r)/(-2) - 73964/(-246)?
3
Suppose 2*n - 4*n + 20 = 0. Suppose n + 20 = 10*i. Suppose -2*m + 313 = i*z, 814 = m + 4*m - 3*z. What is the tens digit of m?
6
Let c = 56492 + -11686. What is the tens digit of c?
0
What is the thousands digit of (-15 - -2) + (157 - -1568)?
1
Let k = 31 - 22. Suppose -k*q + 80 = -q. Let y = q + 13. What is the tens digit of y?
2
Let p(a) = -6*a**3 + 2*a**2 - 40*a - 9. Let c be p(-9). Suppose c - 194 = 13*d. What is the tens digit of d?
6
Suppose r = 3*a + 4, 2*r + 8*a = 3*a - 3. What is the tens digit of r/2*184 - -6?
9
Suppose -917237 = -89*c + 8*c + 19609. What is the thousands digit of c?
1
Suppose 5*m + 5 = y, y + 0*y - 2*m = 5. Suppose 468 = 3*v - 4*i, 4*i - 283 = 5*v - 1071. Suppose -t = -y*t + v. What is t